
What is 12 + (2 - 1) + (-23 - 85) + 94?
-1
Calculate -75 + (58 - 93) + 45.
-65
Evaluate 4 - (-1 - (1 + (-5 - -11) + -8)).
4
What is the value of (2 - -6 - -6) + -1 + 1?
14
Calculate 2 + -1 + (122 - 117) + -1 + 1.
6
27 + (-6 - 3) - (9 - 10)
19
-155 - -151 - ((-2 - 1) + -10 + -12 + 9)
12
-11 - (7 + -1 + -24) - (3 - (4 + -9))
-1
What is the value of 6 - 0 - ((-130 - 1) + (191 - 143))?
89
What is 1168 + -1168 + (5 - 0) + (-121 - -2 - 0)?
-114
Evaluate -46 + (16 + -57 - -62).
-25
8 + (-2 - -3) - (32 + -34) - -49
60
Calculate (6 - ((-3 - -21) + -25)) + -9 + 23.
27
What is 6 + 1 + 3 - (17 + 21 - -12)?
-40
What is the value of -98 + 157 - 81 - (40 + 2)?
-64
-9 + -5 + -28 + -3 + (-14 - -1) + 5
-53
What is the value of -8 + (-16 - (0 + 0 + -29)) - (-27 - 0)?
32
What is the value of -2 + (-3 - 5) - (-11 - (-6 - -3)) - 12?
-14
What is (27 - 13) + (-2 - (-29 - -22))?
19
Evaluate 0 + 8 + -183 + 50 + 8 - (0 + -4).
-113
What is 115 - 118 - (-70 + 7 + -4)?
64
-86 + (57 - (22 - 19))
-32
Evaluate 14 - 14 - ((2 - 0) + -6) - (-77 - -97).
-16
(-14 - (3 + -8)) + -15 + 48 + -50
-26
What is 0 + (1 - (-2 - -7)) + (-2 - -4 - -13)?
11
Evaluate 49 + -86 - (-62 + -15).
40
(-9 - -22) + -51 + -1 + 0 + 1
-38
Calculate -29 + -3 - (-2328 - -2313).
-17
What is 1 + 18 + 22 + -9 - 11?
21
Evaluate 4 + (11 - (-8 - -12)) + -30.
-19
What is the value of 10 + (-15 - (-12 + -14 + -9))?
30
(-284 - -264) + -41 + 2 - 9
-68
What is 1 - (49 - (-14 - -14))?
-48
What is the value of (-22 - 11 - -17) + (103 - 7)?
80
Evaluate 51 - (-66 + 66 + -20).
71
What is the value of 6 + -12 + -11 + 5 + -55 - (-55 + 62)?
-74
Evaluate 10 - 15 - (68 + 0 + 1).
-74
What is -5 + (17 + (-20 - -9) - (9 - -3))?
-11
Calculate -2 - (52 - (67 + 27)).
40
Calculate -22 + (-979 + 993 - (-1 - -95)).
-102
Evaluate 41 + -45 - -16 - (19 - 0) - -86.
79
Calculate 12 - (5 - 18 - ((4 - 13) + (44 - -32))).
92
Calculate (15 - -1) + -587 + 570 - -13.
12
What is 24 + (1 - 16 - (-210 - -209))?
10
25 + (4 + -7 - 10) + 18 + 2
32
Calculate (23 - 92) + -15 - (-8 - 27).
-49
Calculate -38 - (16 + (3 - (-2 - (6 + 0)) - 21)).
-44
What is the value of (0 - (1 + -1) - (28 + -27)) + -143 + 72?
-72
37 + 4 + (-86 - -12)
-33
-99 - -206 - (12 + (21 - 39))
113
What is 0 - 4 - (-28 - (-66 - 45))?
-87
4 + 0 - -23 - (-13 - (-16 - (-4 + -3)))
31
Evaluate 1 + -14 + (-7 - -14) + (5 - (42 + -156)).
113
What is the value of -22 - (-1 + 0 + (-7 + 5 - -5))?
-24
What is -134 + 76 + 28 + 12?
-18
Calculate -85 - (13 + (25 - 24 - 3)) - (1 + -2).
-95
What is the value of -90 + (4 - -5) + -2 + 16 + -21?
-88
What is -86 + (132 - 31) + -84?
-69
-55 + (4 - -1) + -261 + 279 + (-1 - 14)
-47
Evaluate 187 + (-294 - -144) + 28.
65
Calculate 22 + (34 - (-8 + 103)).
-39
What is 7 - (-9 - (2 + 13 + 44 + -44))?
31
Calculate -9 + (9 - -9) - (1 - -31 - (47 - 48)).
-24
What is the value of 14 - (-2 + 2 + -27 + 15 + 16)?
10
Calculate (21 - (14 + 1 + 4 + -6)) + -1.
7
What is 0 + 11 - (-3 + -10 - -18) - (-23 + -14)?
43
-50 + 139 + -90 + 48
47
(-7 - 6 - 11) + 12 + -11
-23
What is the value of (228 - 116 - 113) + 14 + -2?
11
-22 - (-17 - -12 - -10)
-27
What is 98 + -74 + 111 - 89?
46
What is 13 + (-9 - (152 - 137 - (11 - -2)))?
2
23 - ((3 - (-150 - -23)) + -20)
-87
Calculate (59 - (97 + -49)) + (-6 + 133 - 11).
127
What is -14 - (4 + -7) - (124 + -182)?
47
Calculate 5 + (5 - 63) + 1426 + -1407.
-34
-15 + (17 - 2) - 94 - (0 + 1 - 11)
-84
What is the value of (-53 + 0 - (161 - 146)) + -6 + 9?
-65
Evaluate 4 + 43 + 10 + (-327 - -298).
28
Calculate 8 + (26 + -12 - 27) - (4 - -1).
-10
What is the value of (-10 + -11 + (-15 - -18) - -14) + (-2 - 73)?
-79
What is 153 + -154 + 7 - (-61 - -1)?
66
What is the value of (-7 - -10) + (-1 - ((-10 - -13) + 49)) - 3?
-53
What is the value of 50 - (-55 + 146 + -23)?
-18
Calculate 69 - ((16 - 2) + (23 + -44 - 6)).
82
What is -23 + (1 + -2 - (38 + (-92 - -61)))?
-31
What is the value of (19 - 5 - 3) + (1 + 22 - (-344 - -332))?
46
What is the value of -1 - -1 - (12 + (-9 - -5 - -31) + 9)?
-48
Calculate (16 + 15 + -49 - -3) + 27.
12
What is -11 + 30 + 4 + -19 + (-5 - -3)?
2
-103 + 15 + 57 + 1 + (-2 - -13)
-19
((16 - 2 - 5) + -23 - -19 - 6) + 87
86
What is the value of 27 - (-70 - (58 + -186))?
-31
What is 2064 - 2142 - (-31 - 2)?
-45
What is 10 - (36 + (-7 - (-5 + 2)) - 5)?
-17
10 - 7 - (-122 + 110)
15
Evaluate -68 + -63 + -8 - (-19 - -5).
-125
What is -112 - (-105 - -8) - (-1 - (3 + -2))?
-13
Evaluate 41 + (-21 - (6 + -34)) - 7.
41
Evaluate 90 + -1 + -71 + 17.
35
(19 - 11) + -22 + (1 - (17 + 1))
-31
Calculate (21 - (-6 + 10 - 2)) + (518 - 602).
-65
What is the value of -147 + 183 + -12 + -2?
22
Evaluate -17 + 133 + -25 + 29 + 29.
149
Evaluate (0 - 7) + (-11 - -13) - (1161 - 1146).
-20
Evaluate -45 + 40 + -7 + 3 + (8 - 1) + 17.
15
What is the value of -22 + -2 + (-2 - 23) - 0?
-49
Evaluate 57 + -2 - 0 - 2 - (-9404 - -9406).
51
Evaluate -61 + -3 + (-41 - -133).
28
Calculate 39 + 276 + -265 + 8 + -1 - 5.
52
What is -6 - (12 + -12) - (7 - 4) - 20 - -5?
-24
What is the value of (-116 - (18 + -59)) + 52?
-23
What is the value of 62 + (-6 - -41 - 0)?
97
Evaluate 302 - 194 - 158 - (0 + (0 - 5)).
-45
What is 17 + (-8 - (-3 - -5)) + 5 + (12 - 3)?
21
44 - (13 + 6) - -24
49
What is -1 + -12 + 18 + -24 + (6 - 15)?
-28
(19 - -3 - 102) + -17 + 3
-94
What is (-1 - 14) + -7 - (-10 + 1 + 5)?
-18
22 - (-23 + 12 + (8 - 2)) - 11 - 5
11
What is the value of 56 + (-21 - (-13 - -11))?
37
What is the value of 82 - (-8 + -5 + 5 - (-10 + (-32 - -27)))?
75
-19 - (-2 - (-5 + 2))
-20
What is the value of 3 + 55 + -2 - (4 + -11 - -18)?
45
Evaluate (-62 - -47) + (21 - 3) + 54 + -9 + 0.
48
Calculate -1 + -45 - (9 + (4 - 0) + -363 + 348).
-44
Evaluate (8 - (-7 + 5)) + (27 + -1 - 102).
-66
What is the value of 11 - (8 + (5 + -6 - 44))?
48
Evaluate 21 + -14 - (-3 - (7 + -8)) - (8 + -54).
55
What is -120 - (-8 - (63 + -2 + -34))?
-85
What is -50 + (84 - -29) - -12?
75
What is the value of 57 + -74 + (75 - -81)?
139
Evaluate 20 - (-16 + 12) - (5 + 3 + -3).
19
What is 1 + (20 - (41 + -25)) - (-5 - -1)?
9
What is ((-9 + -11 - 2) + 10 - 6) + 71?
53
Calculate -65 - (3 + 20) - (-16 - 1) - -18.
-53
Calculate -16 + 0 + (144 - 122 - ((16 - 6) + 13)).
-17
Evaluate 7 + (28 - (83 - 72)).
24
Evaluate ((-73 - -32) + 28 - 88) + 25.
-76
-20 + (-50 + 155 - 47) - (0 + 13)
25
What is the value of (61 - 50) + 54 - 30?
35
What is 28 + -11 + 6 + -4 + -9 - -24?
34
Calculate -6 + 14 + 4 + -6 + 27 + 14.
47
What is (76 - ((-16 - (-45 + 0)) + -24)) + (1 - -10)?
82
Calculate 9 - -3 - (2 + -8 + (-3 - -8)).
13
Evaluate -57 + 21 + 41 + -56.
-51
What is (44 - 3) + -8207 + 8084?
-82
Evaluate -35 - (-19 - (28 - -33)).
45
Calculate 2 - -2 - ((-1 + 2 - 18) + (27 - 23)).
17
What is 2 + (3 + -9 - (9 - (-33 + 28)))?
-18
Calculate 6 + (44 - 16) - 41.
-7
Calculate -59 - (6 + -126 + 62).
-1
Calculate 5 + 0 - (37 - (21 + -25 + -10)).
-46
(38 - 23) + 282 + -386
-89
What is 7 - (-157 + 92 + 15 + -2 + 2)?
57
23 - (-139 - (-91 + 30))
101
What is (17 - 13) + (682 - 647)?
39
(12 - (52 - (-1 + 5 + 88 + -85))) + 6
-27
What is the value of -2 - 2 - ((-97 - -65) + 80 + 1)?
-53
-163 + (-34 - -124) + 114
41
24 - 3 - (-7 - 88) - 5
111
Evaluate (56 + 1 - 66) + (0 - 2 - -65).
54
What is the value of (6 - ((-3 - (-42 - -20)) + -23)) + -4?
6
Calculate 2 + (-16 - (-4 + 1) - (-150 - -211)).
-72
What is (-161 - -15 - -18) + (-7 - (-3 - (-13 + 20)))?
-125
What is the value of 11 + -8 + (-2 - 5) + (6 - (-11 - -13))?
0
Calculate -48 + 11 + 108 - 150.
-79
Evaluate 38 - -14 - 13 - 32 - (0 - (-79 - 0)).
-72
Evaluate -90 + 61 + 11 + 20 + -1 + -69.
-68
Evaluate 125 + (-48 + 119 - 280).
-84
Evaluate 34 + -36 + -16 + -1 + (37 - 80).
-62
What is -2 - 5 - 8 - (80 + -97)?
2
(-720 - -693) + (3 - -13)
-11
45 - (88 + -95 + 1 + 25)
26
Evaluate -10 - (38 + (-5 - -8) + 5 + 89 + -87).
-58
What is (-72 - 18 - -67) + -53?
-76
What is the value of -3 - (7 + (-30 - -8 - -23))?
-11
Evaluate -15 - (-9 + (-5 + 12 + 9 - -3)).
-25
What is the value of 8 + 4 + -1 + (-35 + 7 - -51)?
34
-10 + (11 - -5 - -2 - (-84 + 103))
-11
Calculate -20 + -11 + -17 + 77.
29
What is the value of -1219 - -1214 - (-48 - (3 + (1 - 3))) - -12?
56
Calculate 4 + 1 - (-11 + 2 - 1 - 7) - 10.
12
Calculate (102 - 63) + (-1 - 2) + 1 - (-1 - -12).
26
What is (-25 - 2) + (-62 - (16 + -97))?
-8
What is the 